{"id":262,"date":"2022-02-13T20:35:22","date_gmt":"2022-02-13T20:35:22","guid":{"rendered":"https:\/\/sustainablecommunities.eu\/?page_id=262"},"modified":"2022-02-14T22:39:18","modified_gmt":"2022-02-14T22:39:18","slug":"refugii-montane-muntii-fagaras","status":"publish","type":"page","link":"https:\/\/sustainablecommunities.eu\/en\/refugii-montane-muntii-fagaras\/","title":{"rendered":"The mountain shelters in the Mountains of the Carpathians"},"content":{"rendered":"<section class=\"section dark\" id=\"section_1726240218\">\n\t\t<div class=\"bg section-bg fill bg-fill\" >\n\n\t\t\t\n\t\t\t\n\t\t\t\n\n\t\t<\/div>\n\n\t\t\n\n\t\t<div class=\"section-content relative\">\n\t\t\t\n\t<div id=\"gap-1366404338\" class=\"gap-element clearfix\" style=\"display:block; height:auto;\">\n\t\t\n<style>\n#gap-1366404338 {\n  padding-top: 60px;\n}\n@media (min-width:550px) {\n  #gap-1366404338 {\n    padding-top: 650px;\n  }\n}\n<\/style>\n\t<\/div>\n\t\n<div class=\"row align-middle align-center\"  id=\"row-403481283\">\n\n\t<div id=\"col-739118649\" class=\"col medium-8 small-12 large-8\"  >\n\t\t\t\t<div class=\"col-inner\"  >\n\t\t\t\n\t\t\t\n\t<div id=\"text-1792224931\" class=\"text\">\n\t\t\n<h4>SUSTAINABILITY<\/h4>\n<h1><span style=\"font-size: 150%;\"><strong>Refugii montane \u00een mun\u021bii F\u0103g\u0103ra\u0219<br \/><\/strong><\/span><\/h1>\n\t\t\n<style>\n#text-1792224931 {\n  text-align: center;\n  color: #11b037;\n}\n#text-1792224931 > * {\n  color: #11b037;\n}\n<\/style>\n\t<\/div>\n\t\n\t\t<\/div>\n\t\t\t\t\t<\/div>\n\n\t\n\n<style>\n#row-403481283 > .col > .col-inner {\n  padding: 15px 10px 9px 10px;\n  background-color: rgb(255,255,255);\n  border-radius: 20px;\n}\n<\/style>\n<\/div>\n\t\t<\/div>\n\n\t\t\n<style>\n#section_1726240218 {\n  padding-top: 30px;\n  padding-bottom: 30px;\n}\n#section_1726240218 .section-bg.bg-loaded {\n  background-image: url(https:\/\/sustainablecommunities.eu\/wp-content\/uploads\/2022\/02\/1.jpg);\n}\n#section_1726240218 .section-bg {\n  background-position: 0% 14%;\n}\n#section_1726240218 .ux-shape-divider--top svg {\n  height: 150px;\n  --divider-top-width: 100%;\n}\n#section_1726240218 .ux-shape-divider--bottom svg {\n  height: 150px;\n  --divider-width: 100%;\n}\n<\/style>\n\t<\/section>\n\t\n\t<section class=\"section\" id=\"section_832944008\">\n\t\t<div class=\"bg section-bg fill bg-fill  bg-loaded\" >\n\n\t\t\t\n\t\t\t\n\t\t\t\n\n\t\t<\/div>\n\n\t\t\n\n\t\t<div class=\"section-content relative\">\n\t\t\t\n<div class=\"row\"  id=\"row-808850741\">\n\n\t<div id=\"col-1362926418\" class=\"col small-12 large-12\"  >\n\t\t\t\t<div class=\"col-inner\"  >\n\t\t\t\n\t\t\t\n<div class=\"row row-collapse align-middle\"  id=\"row-1913548936\">\n\n\t<div id=\"col-607447792\" class=\"col medium-5 small-12 large-6\"  >\n\t\t\t\t<div class=\"col-inner\"  >\n\t\t\t\n\t\t\t\n\n  <div class=\"banner has-hover\" id=\"banner-1937548661\">\n          <div class=\"banner-inner fill\">\n        <div class=\"banner-bg fill\" >\n            <div class=\"bg fill bg-fill\"><\/div>\n                                    \n                    <\/div>\n\t\t\n        <div class=\"banner-layers container\">\n            <div class=\"fill banner-link\"><\/div>            \n        <\/div>\n      <\/div>\n\n            \n<style>\n#banner-1937548661 {\n  padding-top: 400px;\n}\n#banner-1937548661 .bg.bg-loaded {\n  background-image: url(https:\/\/sustainablecommunities.eu\/wp-content\/uploads\/2022\/02\/2-scaled.jpg);\n}\n#banner-1937548661 .ux-shape-divider--top svg {\n  height: 150px;\n  --divider-top-width: 100%;\n}\n#banner-1937548661 .ux-shape-divider--bottom svg {\n  height: 150px;\n  --divider-width: 100%;\n}\n@media (min-width:550px) {\n  #banner-1937548661 {\n    padding-top: 500px;\n  }\n}\n<\/style>\n  <\/div>\n\n\n\t\t<\/div>\n\t\t\t\t\t<\/div>\n\n\t\n\n\t<div id=\"col-209209522\" class=\"col team-sorted-info medium-7 small-12 large-6\"  >\n\t\t\t\t<div class=\"col-inner\"  >\n\t\t\t\n\t\t\t\n<h2>Rezultate<\/h2>\n\t<div id=\"gap-1013316062\" class=\"gap-element clearfix\" style=\"display:block; height:auto;\">\n\t\t\n<style>\n#gap-1013316062 {\n  padding-top: 5px;\n}\n<\/style>\n\t<\/div>\n\t\n<p>Proiectul s-a derulat \u00een perioada 2009 &#8211; 2011.<\/p>\n<p>Rezultatul ob\u021binut a fost construc\u021bia a opt refugii montane pe versantul Nord-Estic al Masivului F\u0103g\u0103ra\u0219.<\/p>\n<div class=\"is-divider divider clearfix\" style=\"margin-top:1.2em;margin-bottom:1.2em;max-width:100%;height:2px;background-color:rgba(0, 0, 0, 0.09);\"><\/div>\n\t\t<\/div>\n\t\t\t\t\n<style>\n#col-209209522 > .col-inner {\n  padding: 40px 40px 40px 40px;\n}\n<\/style>\n\t<\/div>\n\n\t\n<\/div>\n\t\t<\/div>\n\t\t\t\t\n<style>\n#col-1362926418 > .col-inner {\n  margin: 10px 0px 10px 0px;\n}\n<\/style>\n\t<\/div>\n\n\t\n\n<style>\n#row-808850741 > .col > .col-inner {\n  background-color: rgb(255,255,255);\n}\n<\/style>\n<\/div>\n<div class=\"row\"  id=\"row-1088891724\">\n\n\t<div id=\"col-1521752673\" class=\"col small-12 large-12\"  >\n\t\t\t\t<div class=\"col-inner\"  >\n\t\t\t\n\t\t\t\n<div class=\"row row-collapse align-middle\"  id=\"row-1571937958\">\n\n\t<div id=\"col-1299310575\" class=\"col team-sorted-info medium-7 small-12 large-6\"  >\n\t\t\t\t<div class=\"col-inner\"  >\n\t\t\t\n\t\t\t\n<h2>Our partners<\/h2>\n\t<div id=\"gap-1103767935\" class=\"gap-element clearfix\" style=\"display:block; height:auto;\">\n\t\t\n<style>\n#gap-1103767935 {\n  padding-top: 5px;\n}\n<\/style>\n\t<\/div>\n\t\n<ul>\n<li style=\"font-weight: 400;\" aria-level=\"1\"><span style=\"font-weight: 400;\">AFIR Bra\u0219ov<\/span><\/li>\n<li style=\"font-weight: 400;\" aria-level=\"1\"><span style=\"font-weight: 400;\">Salvamont Victoria<\/span><\/li>\n<li style=\"font-weight: 400;\" aria-level=\"1\"><span style=\"font-weight: 400;\">O.N. Cerceta\u0219ii Rom\u00e2niei, voluntari din diverse centre locale<\/span><\/li>\n<li style=\"font-weight: 400;\" aria-level=\"1\"><span style=\"font-weight: 400;\">Voluntari din \u021bar\u0103<\/span><\/li>\n<\/ul>\n<p><strong>The coordinator of the project:<\/strong> S. O. S. In The District<br \/><strong>Finan\u021bare:<\/strong> PNDR 2007-2013<br \/><strong>In charge of the project: <\/strong>Vasile Grecu<\/p>\n<div class=\"is-divider divider clearfix\" style=\"margin-top:1.2em;margin-bottom:1.2em;max-width:100%;height:2px;background-color:rgba(0, 0, 0, 0.09);\"><\/div>\n\t\t<\/div>\n\t\t\t\t\n<style>\n#col-1299310575 > .col-inner {\n  padding: 40px 40px 40px 40px;\n}\n<\/style>\n\t<\/div>\n\n\t\n\n\t<div id=\"col-1238331853\" class=\"col medium-5 small-12 large-6 small-col-first\"  >\n\t\t\t\t<div class=\"col-inner\"  >\n\t\t\t\n\t\t\t\n\n  <div class=\"banner has-hover\" id=\"banner-1589301342\">\n          <div class=\"banner-inner fill\">\n        <div class=\"banner-bg fill\" >\n            <div class=\"bg fill bg-fill\"><\/div>\n                                    \n                    <\/div>\n\t\t\n        <div class=\"banner-layers container\">\n            <div class=\"fill banner-link\"><\/div>            \n        <\/div>\n      <\/div>\n\n            \n<style>\n#banner-1589301342 {\n  padding-top: 400px;\n}\n#banner-1589301342 .bg.bg-loaded {\n  background-image: url(https:\/\/sustainablecommunities.eu\/wp-content\/uploads\/2022\/02\/194698_131880506922451_757493527_o.jpg);\n}\n#banner-1589301342 .bg {\n  background-position: 82% 42%;\n}\n#banner-1589301342 .ux-shape-divider--top svg {\n  height: 150px;\n  --divider-top-width: 100%;\n}\n#banner-1589301342 .ux-shape-divider--bottom svg {\n  height: 150px;\n  --divider-width: 100%;\n}\n@media (min-width:550px) {\n  #banner-1589301342 {\n    padding-top: 500px;\n  }\n}\n<\/style>\n  <\/div>\n\n\n\t\t<\/div>\n\t\t\t\t\t<\/div>\n\n\t\n<\/div>\n\t\t<\/div>\n\t\t\t\t\n<style>\n#col-1521752673 > .col-inner {\n  margin: 10px 0px 10px 0px;\n}\n<\/style>\n\t<\/div>\n\n\t\n\n<style>\n#row-1088891724 > .col > .col-inner {\n  background-color: rgb(255,255,255);\n}\n<\/style>\n<\/div>\n\t\t<\/div>\n\n\t\t\n<style>\n#section_832944008 {\n  padding-top: 60px;\n  padding-bottom: 60px;\n  background-color: rgb(255,255,255);\n}\n#section_832944008 .ux-shape-divider--top svg {\n  height: 150px;\n  --divider-top-width: 100%;\n}\n#section_832944008 .ux-shape-divider--bottom svg {\n  height: 150px;\n  --divider-width: 100%;\n}\n<\/style>\n\t<\/section>\n\t\n<div class=\"row\"  id=\"row-1095904681\">\n\n\t<div id=\"col-1557950308\" class=\"col small-12 large-12\"  >\n\t\t\t\t<div class=\"col-inner\"  >\n\t\t\t\n\t\t\t\n<div class=\"video video-fit mb\" style=\"padding-top:56.25%;\"><p><iframe loading=\"lazy\" title=\"Red Dome Shelters - The Story\" width=\"1020\" height=\"574\" src=\"https:\/\/www.youtube.com\/embed\/jR3XdqCcIRw?feature=oembed\" frameborder=\"0\" allow=\"accelerometer; autoplay; clipboard-write; encrypted-media; gyroscope; picture-in-picture\" allowfullscreen><\/iframe><\/p>\n<\/div>\n\t\t<\/div>\n\t\t\t\t\t<\/div>\n\n\t\n<\/div>\n\t<section class=\"section\" id=\"section_594594369\">\n\t\t<div class=\"bg section-bg fill bg-fill  bg-loaded\" >\n\n\t\t\t\n\t\t\t\n\t\t\t\n\n\t\t<\/div>\n\n\t\t\n\n\t\t<div class=\"section-content relative\">\n\t\t\t\n<div class=\"row\"  id=\"row-1799620324\">\n\n\t<div id=\"col-309208509\" class=\"col small-12 large-12\"  >\n\t\t\t\t<div class=\"col-inner text-center\"  >\n\t\t\t\n\t\t\t\n<h2>How can you get involved?<\/h2>\n<div class=\"row\"  id=\"row-26517295\">\n\n\t<div id=\"col-954277062\" class=\"col small-12 large-12\"  >\n\t\t\t\t<div class=\"col-inner\"  >\n\t\t\t\n\t\t\t\n<p>Sprijinind financiar activitatea proiectului\u00a0<em><strong>Education and sustainable communities<\/strong>\u00a0<\/em>prin dona\u021bii \u00een bani sau \u00een natur\u0103<\/p>\n<p>Redirec\u021bion\u00e2nd 20% din impozitul \u00eentreprinderii sau complet\u00e2nd formularul 230 \u00een favoarea Asocia\u021biei S.O.S. \u021aara F\u0103g\u0103ra\u0219ului<\/p>\n\t\t<\/div>\n\t\t\t\t\t<\/div>\n\n\t\n<\/div>\n<a class=\"button primary is-large\"  >\n    <span>Implic\u0103-te acum<\/span>\n  <\/a>\n\n\t\t<\/div>\n\t\t\t\t\n<style>\n#col-309208509 > .col-inner {\n  padding: 0px 0px 0px 0px;\n  margin: 0px 0px -39px 0px;\n}\n<\/style>\n\t<\/div>\n\n\t\n<\/div>\n\t\t<\/div>\n\n\t\t\n<style>\n#section_594594369 {\n  padding-top: 50px;\n  padding-bottom: 50px;\n  background-color: rgb(237, 241, 247);\n}\n#section_594594369 .ux-shape-divider--top svg {\n  height: 150px;\n  --divider-top-width: 100%;\n}\n#section_594594369 .ux-shape-divider--bottom svg {\n  height: 150px;\n  --divider-width: 100%;\n}\n<\/style>\n\t<\/section>","protected":false},"excerpt":{"rendered":"","protected":false},"author":1,"featured_media":0,"parent":0,"menu_order":0,"comment_status":"closed","ping_status":"closed","template":"page-blank.php","meta":{"footnotes":""},"class_list":["post-262","page","type-page","status-publish","hentry"],"_links":{"self":[{"href":"https:\/\/sustainablecommunities.eu\/en\/wp-json\/wp\/v2\/pages\/262","targetHints":{"allow":["GET"]}}],"collection":[{"href":"https:\/\/sustainablecommunities.eu\/en\/wp-json\/wp\/v2\/pages"}],"about":[{"href":"https:\/\/sustainablecommunities.eu\/en\/wp-json\/wp\/v2\/types\/page"}],"author":[{"embeddable":true,"href":"https:\/\/sustainablecommunities.eu\/en\/wp-json\/wp\/v2\/users\/1"}],"replies":[{"embeddable":true,"href":"https:\/\/sustainablecommunities.eu\/en\/wp-json\/wp\/v2\/comments?post=262"}],"version-history":[{"count":11,"href":"https:\/\/sustainablecommunities.eu\/en\/wp-json\/wp\/v2\/pages\/262\/revisions"}],"predecessor-version":[{"id":368,"href":"https:\/\/sustainablecommunities.eu\/en\/wp-json\/wp\/v2\/pages\/262\/revisions\/368"}],"wp:attachment":[{"href":"https:\/\/sustainablecommunities.eu\/en\/wp-json\/wp\/v2\/media?parent=262"}],"curies":[{"name":"wp","href":"https:\/\/api.w.org\/{rel}","templated":true}]}}

<section class="section dark" id="section_1726240218">
		<div class="bg section-bg fill bg-fill" >

			
			
			

		</div>

		

		<div class="section-content relative">
			
	<div id="gap-1366404338" class="gap-element clearfix" style="display:block; height:auto;">
		
<style>
#gap-1366404338 {
  padding-top: 60px;
}
@media (min-width:550px) {
  #gap-1366404338 {
    padding-top: 650px;
  }
}
</style>
	</div>
	
<div class="row align-middle align-center"  id="row-403481283">

	<div id="col-739118649" class="col medium-8 small-12 large-8"  >
				<div class="col-inner"  >
			
			
	<div id="text-1792224931" class="text">
		
<h4>SUSTAINABILITY</h4>
<h1><span style="font-size: 150%;"><strong>Refugii montane în munții Făgăraș<br /></strong></span></h1>
		
<style>
#text-1792224931 {
  text-align: center;
  color: #11b037;
}
#text-1792224931 > * {
  color: #11b037;
}
</style>
	</div>
	
		</div>
					</div>

	

<style>
#row-403481283 > .col > .col-inner {
  padding: 15px 10px 9px 10px;
  background-color: rgb(255,255,255);
  border-radius: 20px;
}
</style>
</div>
		</div>

		
<style>
#section_1726240218 {
  padding-top: 30px;
  padding-bottom: 30px;
}
#section_1726240218 .section-bg.bg-loaded {
  background-image: url(https://sustainablecommunities.eu/wp-content/uploads/2022/02/1.jpg);
}
#section_1726240218 .section-bg {
  background-position: 0% 14%;
}
#section_1726240218 .ux-shape-divider--top svg {
  height: 150px;
  --divider-top-width: 100%;
}
#section_1726240218 .ux-shape-divider--bottom svg {
  height: 150px;
  --divider-width: 100%;
}
</style>
	</section>
	
	<section class="section" id="section_832944008">
		<div class="bg section-bg fill bg-fill  bg-loaded" >

			
			
			

		</div>

		

		<div class="section-content relative">
			
<div class="row"  id="row-808850741">

	<div id="col-1362926418" class="col small-12 large-12"  >
				<div class="col-inner"  >
			
			
<div class="row row-collapse align-middle"  id="row-1913548936">

	<div id="col-607447792" class="col medium-5 small-12 large-6"  >
				<div class="col-inner"  >
			
			

  <div class="banner has-hover" id="banner-1937548661">
          <div class="banner-inner fill">
        <div class="banner-bg fill" >
            <div class="bg fill bg-fill"></div>
                                    
                    </div>
		
        <div class="banner-layers container">
            <div class="fill banner-link"></div>            
        </div>
      </div>

            
<style>
#banner-1937548661 {
  padding-top: 400px;
}
#banner-1937548661 .bg.bg-loaded {
  background-image: url(https://sustainablecommunities.eu/wp-content/uploads/2022/02/2-scaled.jpg);
}
#banner-1937548661 .ux-shape-divider--top svg {
  height: 150px;
  --divider-top-width: 100%;
}
#banner-1937548661 .ux-shape-divider--bottom svg {
  height: 150px;
  --divider-width: 100%;
}
@media (min-width:550px) {
  #banner-1937548661 {
    padding-top: 500px;
  }
}
</style>
  </div>


		</div>
					</div>

	

	<div id="col-209209522" class="col team-sorted-info medium-7 small-12 large-6"  >
				<div class="col-inner"  >
			
			
<h2>Rezultate</h2>
	<div id="gap-1013316062" class="gap-element clearfix" style="display:block; height:auto;">
		
<style>
#gap-1013316062 {
  padding-top: 5px;
}
</style>
	</div>
	
<p>Proiectul s-a derulat în perioada 2009 &#8211; 2011.</p>
<p>Rezultatul obținut a fost construcția a opt refugii montane pe versantul Nord-Estic al Masivului Făgăraș.</p>
<div class="is-divider divider clearfix" style="margin-top:1.2em;margin-bottom:1.2em;max-width:100%;height:2px;background-color:rgba(0, 0, 0, 0.09);"></div>
		</div>
				
<style>
#col-209209522 > .col-inner {
  padding: 40px 40px 40px 40px;
}
</style>
	</div>

	
</div>
		</div>
				
<style>
#col-1362926418 > .col-inner {
  margin: 10px 0px 10px 0px;
}
</style>
	</div>

	

<style>
#row-808850741 > .col > .col-inner {
  background-color: rgb(255,255,255);
}
</style>
</div>
<div class="row"  id="row-1088891724">

	<div id="col-1521752673" class="col small-12 large-12"  >
				<div class="col-inner"  >
			
			
<div class="row row-collapse align-middle"  id="row-1571937958">

	<div id="col-1299310575" class="col team-sorted-info medium-7 small-12 large-6"  >
				<div class="col-inner"  >
			
			
<h2>Our partners</h2>
	<div id="gap-1103767935" class="gap-element clearfix" style="display:block; height:auto;">
		
<style>
#gap-1103767935 {
  padding-top: 5px;
}
</style>
	</div>
	
<ul>
<li style="font-weight: 400;" aria-level="1"><span style="font-weight: 400;">AFIR Brașov</span></li>
<li style="font-weight: 400;" aria-level="1"><span style="font-weight: 400;">Salvamont Victoria</span></li>
<li style="font-weight: 400;" aria-level="1"><span style="font-weight: 400;">O.N. Cercetașii României, voluntari din diverse centre locale</span></li>
<li style="font-weight: 400;" aria-level="1"><span style="font-weight: 400;">Voluntari din țară</span></li>
</ul>
<p><strong>The coordinator of the project:</strong> S. O. S. In The District<br /><strong>Finanțare:</strong> PNDR 2007-2013<br /><strong>In charge of the project: </strong>Vasile Grecu</p>
<div class="is-divider divider clearfix" style="margin-top:1.2em;margin-bottom:1.2em;max-width:100%;height:2px;background-color:rgba(0, 0, 0, 0.09);"></div>
		</div>
				
<style>
#col-1299310575 > .col-inner {
  padding: 40px 40px 40px 40px;
}
</style>
	</div>

	

	<div id="col-1238331853" class="col medium-5 small-12 large-6 small-col-first"  >
				<div class="col-inner"  >
			
			

  <div class="banner has-hover" id="banner-1589301342">
          <div class="banner-inner fill">
        <div class="banner-bg fill" >
            <div class="bg fill bg-fill"></div>
                                    
                    </div>
		
        <div class="banner-layers container">
            <div class="fill banner-link"></div>            
        </div>
      </div>

            
<style>
#banner-1589301342 {
  padding-top: 400px;
}
#banner-1589301342 .bg.bg-loaded {
  background-image: url(https://sustainablecommunities.eu/wp-content/uploads/2022/02/194698_131880506922451_757493527_o.jpg);
}
#banner-1589301342 .bg {
  background-position: 82% 42%;
}
#banner-1589301342 .ux-shape-divider--top svg {
  height: 150px;
  --divider-top-width: 100%;
}
#banner-1589301342 .ux-shape-divider--bottom svg {
  height: 150px;
  --divider-width: 100%;
}
@media (min-width:550px) {
  #banner-1589301342 {
    padding-top: 500px;
  }
}
</style>
  </div>


		</div>
					</div>

	
</div>
		</div>
				
<style>
#col-1521752673 > .col-inner {
  margin: 10px 0px 10px 0px;
}
</style>
	</div>

	

<style>
#row-1088891724 > .col > .col-inner {
  background-color: rgb(255,255,255);
}
</style>
</div>
		</div>

		
<style>
#section_832944008 {
  padding-top: 60px;
  padding-bottom: 60px;
  background-color: rgb(255,255,255);
}
#section_832944008 .ux-shape-divider--top svg {
  height: 150px;
  --divider-top-width: 100%;
}
#section_832944008 .ux-shape-divider--bottom svg {
  height: 150px;
  --divider-width: 100%;
}
</style>
	</section>
	
<div class="row"  id="row-1095904681">

	<div id="col-1557950308" class="col small-12 large-12"  >
				<div class="col-inner"  >
			
			
<div class="video video-fit mb" style="padding-top:56.25%;"><p><iframe loading="lazy" title="Red Dome Shelters - The Story" width="1020" height="574" src="https://www.youtube.com/embed/jR3XdqCcIRw?feature=oembed" frameborder="0" allow="accelerometer; autoplay; clipboard-write; encrypted-media; gyroscope; picture-in-picture" allowfullscreen></iframe></p>
</div>
		</div>
					</div>

	
</div>
	<section class="section" id="section_594594369">
		<div class="bg section-bg fill bg-fill  bg-loaded" >

			
			
			

		</div>

		

		<div class="section-content relative">
			
<div class="row"  id="row-1799620324">

	<div id="col-309208509" class="col small-12 large-12"  >
				<div class="col-inner text-center"  >
			
			
<h2>How can you get involved?</h2>
<div class="row"  id="row-26517295">

	<div id="col-954277062" class="col small-12 large-12"  >
				<div class="col-inner"  >
			
			
<p>Sprijinind financiar activitatea proiectului <em><strong>Education and sustainable communities</strong> </em>prin donații în bani sau în natură</p>
<p>Redirecționând 20% din impozitul întreprinderii sau completând formularul 230 în favoarea Asociației S.O.S. Țara Făgărașului</p>
		</div>
					</div>

	
</div>
<a class="button primary is-large"  >
    <span>Implică-te acum</span>
  </a>

		</div>
				
<style>
#col-309208509 > .col-inner {
  padding: 0px 0px 0px 0px;
  margin: 0px 0px -39px 0px;
}
</style>
	</div>

	
</div>
		</div>

		
<style>
#section_594594369 {
  padding-top: 50px;
  padding-bottom: 50px;
  background-color: rgb(237, 241, 247);
}
#section_594594369 .ux-shape-divider--top svg {
  height: 150px;
  --divider-top-width: 100%;
}
#section_594594369 .ux-shape-divider--bottom svg {
  height: 150px;
  --divider-width: 100%;
}
</style>
	</section>
